e of 44?
True
Let j be 7/3 - 4/(-6). Suppose 3*k = a - 0*a - 29, j*a - 47 = k. Is 14 a factor of a?
True
Let c(i) = i**2 + 10*i + 13. Let g be c(-6). Let d(h) = -h**2 - 16*h - 15. Let b be d(g). Suppose -2*q + 6*q - b = 0. Is q a multiple of 7?
False
Let x(g) = -g**3 + 30*g**2 + 14*g + 9. Is 39 a factor of x(30)?
True
Let q(i) = 3*i**2 + 16*i - 17. Does 20 divide q(5)?
False
Let t = 35 + -32. Suppose 3*q - 28 = -5*z, 12 = 5*q - t*z - 12. Is 3 a factor of q?
True
Suppose 0 = 5*l + k - 211 + 18, -3*l - 2*k + 113 = 0. Suppose -a - l = -68. Is a a multiple of 29?
True
Let m be -3 - ((-174 - 0) + -1). Let q be (m/(-10))/(2/(-10)). Let n = q + -49. Is 20 a factor of n?
False
Let v(q) = 5*q**3 - 3*q**2 - 5*q - 22. Is v(4) a multiple of 2?
True
Suppose x + 3 = 3*r + 7, 5*x = 5*r + 30. Let b = x + -12. Is (1 + b)*(-25)/4 a multiple of 25?
True
Suppose 1492 = 4*g - h, -4*h = -3*h. Is g a multiple of 9?
False
Let t(d) = d**2 + d + 6. Let v be (-10 + 4)/(1 - 0/1). Is t(v) a multiple of 18?
True
Let l be (10/3)/((-2)/(-24)). Let r be 1 - 1 - (l + -7). Is 26 a factor of (0 + 12)*r/(-12)?
False
Let u(o) = -o**3 - 16*o**2 - 45*o + 43. Does 3 divide u(-12)?
False
Let s = -21 + 141. Is 20 a factor of s?
True
Let z(d) = -4*d**2 - 2*d - 1. Let c be z(3). Let k = -31 - c. Is 4 a factor of k?
True
Let s be ((-4)/(-5))/(3 + 3928/(-1310)). Suppose -43*l + 41*l + s = 0. Is l a multiple of 13?
False
Let o(z) = -z**3 + 7*z**2 + 3*z**3 + 29*z + 3*z**3 - 20. Let m(b) = -3*b**3 - 5*b**2 - 19*b + 13. Let n(p) = -8*m(p) - 5*o(p). Does 15 divide n(5)?
False
Suppose -n = 5*h - 1549, 24*h - 19*h - 1552 = 2*n. Does 12 divide h?
False
Let n(o) = -2*o**3 - 10*o**2 - 9*o + 9. Let u be n(-6). Let p = u - 49. Is 43 a factor of p?
True
Does 29 divide (16/(-120))/(1/(-85))*48?
False
Suppose -3 = -b, 2*g + b - 19 = -2*g. Let u be g - (-3 - -9 - -1). Is (u/(-2))/((-3)/(-80)) a multiple of 8?
True
Suppose -5*v = 2*v - 441. Does 4 divide (-1)/7 - (-513)/v?
True
Let x be 1*-4 + -15 + 33 - 3. Suppose -49 = x*d - 159. Does 4 divide d?
False
Does 15 divide (-4 + -237 + 6)/((-2)/6)?
True
Let h be (-40)/(-100) - 76/(-10). Let p = 41 - h. Does 11 divide p?
True
Let j(o) = 19*o**2 + 17*o - 220. Is 28 a factor of j(9)?
False
Let b = 462 - 264. Does 18 divide b?
True
Let c(n) = -n**2 + 2*n - 1. Let t be c(2). Let v = t - -10. Does 19 divide (-6)/v - 164/(-3)?
False
Let c(b) = b**2 + 6*b + 6. Let t = 13 - 18. Let u be c(t). Suppose 31 = v - u. Is 10 a factor of v?
False
Let g = -40 + 41. Does 36 divide (3 + g)/(1/45)?
True
Suppose 3*w = 2*g + 8, -w + 4 = -0*w. Let i(z) = -3*z**g + 7*z**2 + 9 - z**3 + 11*z + 5*z**2 - z**2. Does 9 divide i(9)?
True
Suppose -21*r + 4*q = -25*r + 1000, 0 = -5*r - 3*q + 1240. Is r a multiple of 35?
True
Let f(h) = h**2 - 13. Let n be f(-4). Suppose 393 = 5*p + 3*g - 21, -n*p - 2*g = -248. Is 12 a factor of p?
True
Suppose -4*z + 4 = 0, 4*o - 4*z + 62 = 430. Is o a multiple of 22?
False
Let f = 66 - 61. Let b(v) = 2*v**2 - 2*v + 18. Is 8 a factor of b(f)?
False
Is (5 - (7 + 5)) + (-1 - -1513) a multiple of 9?
False
Suppose -34*d = -6571 - 3119. Is 15 a factor of d?
True
Suppose -t - 633 = -q, 0 = -13*q + 17*q + 3*t - 2497. Does 4 divide q?
True
Let y be (-1*18*-1)/(0 + -1). Is 22 a factor of (11/(-3) + -2)/(2/y)?
False
Let n = -72 - -191. Let j = n - 15. Is 26 a factor of j?
True
Let u(m) = -5 - 2 - 3*m - 1 + 5*m. Is u(13) a multiple of 9?
True
Let y(o) = 72*o**2 - 2*o + 2. Let n be (3/(-6) - -1)*2. Does 8 divide y(n)?
True
Suppose 3*t + 3*g = 2*t + 41, -3*t = 3*g - 93. Let o be (4/(-18))/((-1)/9). Suppose o*l = 3*l - t. Does 8 divide l?
False
Let o(f) = 3*f - 3. Let b be o(6). Suppose 0 = 3*z + b, 2*z + 80 = 5*r. Does 9 divide r?
False
Let n = 261 + 234. Is 33 a factor of n?
True
Suppose -4*t = -q - 1 - 29, 23 = 3*t - q. Suppose -3*j + 2 = -t. Suppose 0 = -j*i + 99 + 66. Is 14 a factor of i?
False
Let d(g) = 7*g**2 + 4*g - 12. Is 31 a factor of d(5)?
False
Let a = 1991 - -886. Is a a multiple of 21?
True
Let g = -268 - 54. Let u = -146 - g. Does 16 divide u?
True
Let x(z) = z**3 + 5*z**2 - z + 1. Let j be x(-5). Let c = -4 + j. Does 15 divide (2 + 4)*15/c?
True
Suppose -59 = u - 53. Let m(w) be the second derivative of w**4/12 + w**3/6 + 3*w**2 + w. Is m(u) a multiple of 12?
True
Suppose -9*v = -1570 - 959. Does 15 divide v?
False
Let f be (293/(-2))/(2/(-4)). Suppose 3*n - f - 259 = 0. Does 23 divide n?
True
Let a(p) = 4*p**2 + p. Suppose -5*s + 2 = -3. Let r be a(s). Suppose -m + 7 + r = 0. Is m a multiple of 6?
True
Suppose 66*a = 55*a + 15664. Does 89 divide a?
True
Is 11 a factor of (-58)/(8 - 9)*2?
False
Let d be (-78)/(3 - 135/40). Let q = d + -112. Does 24 divide q?
True
Let p(q) = 4*q**3 + 16*q**2 - 13*q - 17. Let a(y) = -9*y**3 - 32*y**2 + 27*y + 34. Let f(b) = 6*a(b) + 13*p(b). Is f(7) a multiple of 32?
True
Suppose -2*d = 2*d + 20. Let p(n) be the first derivative of -3*n**2/2 + 3*n - 24. Is p(d) a multiple of 10?
False
Let r(g) = g**2 + 20*g - 31. Is 26 a factor of r(-35)?
True
Suppose 5*l = -2*x + 2*l + 1277, 2563 = 4*x - 3*l. Is x a multiple of 9?
False
Suppose -13328 = -15*k - 2*k. Is 44 a factor of k?
False
Let r be (-15 + 8)*(-8)/14. Suppose 114 = 2*y - 4*c, -r*y + 3*c - 8*c = -228. Does 6 divide y?
False
Suppose -2*o - 30 + 230 = r, -4*o + 2*r = -408. Let k = o - 24. Is k a multiple of 5?
False
Suppose 24 = 4*h - 16. Does 15 divide (16/h)/(22/660)?
False
Suppose 2*f - 5*b - 588 = 1192, -4*f + 2*b + 3544 = 0. Is 59 a factor of f?
True
Let x = 3171 + -1087. Is x a multiple of 26?
False
Let z = 553 - 266. Does 7 divide z?
True
Let i = 17 - 12. Suppose -y = k - 24 + 1, i*k = -2*y + 112. Does 22 divide k?
True
Suppose -2*h - 2*t = -3224, 1637 = -3*h + 4*h - 4*t. Suppose 13*a - h + 213 = 0. Is 27 a factor of a?
True
Does 3 divide -3*150/(-8) + (-45)/(-60)?
True
Let q(s) = 55*s - 7 - 121*s + 3*s**3 + s**2 + 63*s. Does 18 divide q(4)?
False
Let p = 54 - 55. Does 2 divide 9 + ((1 - -2) + -3)/p?
False
Let r = -18 - -21. Suppose 168 = -r*h + 7*h. Does 14 divide h?
True
Suppose -10*h - 9 = -7*h. Let x = h + 119. Suppose -2*u + 5*r + 156 = 0, 4*u - x = 2*r + 164. Is u a multiple of 18?
False
Let o(q) = 14*q - 2. Suppose t - 7 = -6. Let l be o(t). Is 1*(2 + 1)*l a multiple of 6?
True
Let t(i) be the first derivative of i**3 + 15*i**2/2 + 8. Let r be t(-5). Suppose -5*u - 2*c = -r*u - 147, 4*u - 120 = -c. Does 7 divide u?
False
Let c(v) = -v**3 + 4*v**2 - 3*v. Let t be c(2). Suppose t*n - 4 = -0*n. Does 6 divide -4 + (36/3 - n)?
True
Is 11 a factor of (5 - 1) + (-5 - -430)?
True
Suppose -4*t + 488 + 748 = 0. Let w = t + -168. Is 12 a factor of w?
False
Suppose z - 8 = -5*y + 5, 2*z = 5*y - 4. Suppose -z*k - k = -256. Is k a multiple of 16?
True
Suppose -2 = 2*r + k, 5*r + 3*k - 1 = -7. Suppose r = z - 6*z + 10. Suppose 0 = z*u - 79 - 1. Is 17 a factor of u?
False
Let a = 362 + -235. Is a a multiple of 3?
False
Let c be (-2)/(-1) + (-10 - -24). Suppose 0 = -5*g - 5*r + r + 969, c = -4*r. Does 27 divide g?
False
Let g(f) = -f**2 + 35*f - 82. Does 6 divide g(12)?
False
Let w be (2/(-1) - -4) + -2. Let f(h) = -h - 34. Let b be f(w). Let s = 50 + b. Does 13 divide s?
False
Let t(y) = 31*y**2 + 13*y + 33. Does 62 divide t(8)?
False
Does 10 divide ((-429)/6 + (3 - 1))*-2?
False
Let l = 92 + 341. Is 13 a factor of l?
False
Is 16 a factor of (6/4)/((-2)/4) - -1474?
False
Suppose 4*h - 9 = h. Let d be (-4)/4*(-14 - -14). Suppose h*c - 222 = -d*c. Is 22 a factor of c?
False
Let p = 15 + -15. Suppose p = -2*o - 4*b - 2, -5*o + 6 = -o + 3*b. Suppose -67 = -o*s + 14. Is 9 a factor of s?
True
Suppose 0 = 4*a - 4, -6*a - 24 = -4*f - 2*a. Suppose -f*z = -3*z - 456. Does 17 divide z?
False
Let o be 4/14 - (-4)/(-14). Suppose -2*m + 20 - 6 = o. Suppose 4*p - 49 = m. Is p a multiple of 10?
False
Let x(o) = -o + 1. Let m(u) = -21*u + 96. Let b(z) = m(z) - 18*x(z). Is 7 a factor of b(14)?
False
Let p(q) = -q - 3. Let u be p(-3). Let b be 21 + (u/2)/3. Suppose -17*h = -b*h + 144. Does 18 divide h?
True
Suppose -1090 = -0*m - 2*m - 4*f, 5*f + 1072 = 2*m. Is 9 a factor of m?
False
Suppose 3*a = 5*s - 13, -3*s = -s + 4*a. Suppose 3*k + s*r + 2 = 1, -3*k - 3*r = -3. Does 7 divide (1 - -1) + (-45)/k?
False
Let o(b) = -2*b - 1 - 5*b + 3*b - 10. Let k = 10 + -18. Is 7 a factor of o(k)?
True
L